e tens digit of y?
6
Suppose -7*t + 4*t = -228. Suppose 3*m + 5*a - 124 = 0, 0*m + 2*m - t = -5*a. What is the units digit of m?
8
Let n be (-12)/20 - 28/(-5). Let p be -4 + 1 + 4 + 31. Suppose 0 = n*h - 158 - p. What is the units digit of h?
8
Suppose 5*g - 4670 = -5*j + 410, 4*g - 4066 = -5*j. What is the thousands digit of g?
1
Suppose -3644 = -4*j - t, 3*j - 3*t - 2733 = -7*t. What is the hundreds digit of j?
9
Let a(h) = 6*h**2 - 18*h + 36. What is the tens digit of a(-9)?
8
Let n(g) = g**3 + 9*g**2 - 12. What is the tens digit of n(-6)?
9
Let a(o) = -5*o**2 + 16*o - 5. Let r(h) = -h**2. Let s(n) = a(n) - 6*r(n). What is the hundreds digit of s(5)?
1
Let h = -3299 + 8011. What is the units digit of h?
2
Suppose -5*c - 2*r + 27 = -2*c, 0 = 5*c - 2*r - 45. Let n = 11 - c. Suppose -o - n*o = 4*b - 18, -20 = -3*b + o. What is the units digit of b?
6
Suppose -12*x - 4920 = -42*x. What is the tens digit of x?
6
Suppose -3*f - 12 - 660 = 0. Let v = f + 380. What is the hundreds digit of v?
1
Let a = -1680 + 3345. What is the thousands digit of a?
1
Let x = 293 + -49. What is the units digit of x?
4
Let z be 3/2*30/15. Suppose z*j - 177 = -3*f, j - 5 = 2*j. What is the units digit of f?
4
What is the tens digit of 2 + -6 + (8 - -73)?
7
Let k be 10/(-3) - (-8)/(-12). What is the units digit of 6 + 1 + k + -2?
1
Let j = -118 + 119. What is the tens digit of j*(-32)/2*27/(-18)?
2
Suppose a = -4*a + 270. Let o be (a/15)/(2/70). Suppose 0 = -3*y - 3*y + o. What is the units digit of y?
1
Suppose -1792 = -2*s - 0*s. Suppose -4*r - 4*r = -s. What is the hundreds digit of r?
1
Let i(h) = h - 1. Let l be i(4). Suppose l*d - 112 = 65. Let p = -33 + d. What is the tens digit of p?
2
Let c(q) = -q**3 - 8*q**2 - 14*q - 20. What is the thousands digit of c(-16)?
2
Let x = 7 + -3. Suppose -171 = -x*y + 85. What is the tens digit of y?
6
Suppose 4 = -3*t - 38. Let o = -31 - t. Let y = o + 22. What is the units digit of y?
5
Let o = 51 + -51. Let t(x) = -2*x**3 - x**2 + 2*x + 51. What is the tens digit of t(o)?
5
Let j = -1376 + 2405. What is the thousands digit of j?
1
Suppose 0 = 6*k - 14*k + 64. Suppose 2*s - k*s = -888. What is the tens digit of s?
4
Let j = 13 - 8. Suppose -r - 9 = -4*g + j, 20 = 2*r + 4*g. Suppose 4*s - 34 = r. What is the units digit of s?
9
What is the units digit of 4719/3 - (12/(-2) + 4)?
5
Let y(f) = -4*f + 14. Let g be y(6). Let s = 7 + 1. What is the units digit of (-5)/(g/(-6)) + s?
5
Suppose 6*h - 5*b - 13 = 2*h, 7 = h - 5*b. What is the units digit of 12828/132 - h/11?
7
Suppose 2*l - 2*y = -36, 2*l + 33 = -y - 0*y. What is the tens digit of (157 - -1)*l/(-34)?
7
Let p(i) = -i**3 + 7*i**2 + 5*i. Suppose -2*k - 11 = 11. Let z = -4 - k. What is the units digit of p(z)?
5
Suppose 119 + 25 = -4*b. What is the units digit of b/21*308/(-8)?
6
Let l(n) be the third derivative of -n**4/24 + 14*n**3/3 + 11*n**2. What is the units digit of l(0)?
8
Let i = -19 - -21. Suppose 130 = -i*s + 7*s. What is the units digit of s?
6
Suppose 5*t = -2*l + 982, -5*t = -t - 4*l - 780. What is the units digit of t?
6
Let o = 1156 + -659. Suppose -5*s + 0*l - l + 482 = 0, -o = -5*s + 4*l. What is the units digit of s?
7
Let q(u) = -982*u - 148. What is the units digit of q(-1)?
4
Let n(r) = -r**3 + 21*r**2 + 4*r - 30. What is the units digit of n(21)?
4
Let d(a) = -5*a + 9. Let w(c) = 6*c - 10. Let j(v) = -4*d(v) - 3*w(v). Let h(q) = -1. Let i(u) = -6*h(u) + 2*j(u). What is the tens digit of i(12)?
4
Let q(a) = 2*a**2 + 26*a + 18. What is the units digit of q(-19)?
6
Let m(o) = -o - 2. Let j be m(-6). Suppose j*c = 2*l - 6 + 22, -l = 5*c - 20. Suppose l = 5*p + 2*w - 73, w = 3*p - w - 47. What is the units digit of p?
5
Let n = 46 + 18. What is the units digit of n?
4
Let w = -1743 - -2597. What is the hundreds digit of w?
8
Let b be (1 - 0)/((-414)/(-84) + -5). Let q = 176 + b. What is the tens digit of q?
6
Let a(n) = -n + 3. Suppose -w + 2 + 1 = 0. Let q be a(w). Suppose -2*x + x + 25 = q. What is the units digit of x?
5
Let t(b) = -b**2 - b + 6. Let u be t(-2). Suppose 0 = -5*v + 2*v + s + 272, u*v = 4*s + 352. What is the tens digit of v?
9
Suppose -4*m - v - 1 + 25 = 0, 4*m - 32 = -3*v. Suppose -3*q - m*o + 97 = 0, -95 = -3*q - 4*o - 0*o. What is the units digit of q?
9
Suppose -7*j + 3444 = 21*j. What is the tens digit of j?
2
Let z(p) = 54*p + 3 - 31*p - 31*p. What is the units digit of z(-18)?
7
Let y be (3 + 0 - 26/10)*835. Let b = y + -196. What is the units digit of b?
8
Suppose 22*u = -39*u + 21899. What is the tens digit of u?
5
Let h = 1176 + -568. What is the hundreds digit of h?
6
Suppose -2*s - 1024 = -5658. What is the thousands digit of s?
2
Suppose 5*u + 1204 = 9*u. What is the units digit of u?
1
Suppose -94 = -3*d + 2*u, 42 = 3*d + u - 64. Let a = -6 + d. What is the units digit of a?
8
Suppose 10*v = 5*v + 60. Suppose 950 = -v*l + 22*l. What is the units digit of l?
5
Let m = -133 - -42. Suppose -2*c = -0*c + 3*a - 294, 0 = 3*c - a - 441. Let w = m + c. What is the tens digit of w?
5
Let q(x) = 1287*x**3 + x**2 - 17*x + 17. What is the units digit of q(1)?
8
Let y = 499 - 74. What is the tens digit of y?
2
Let a(m) = 359*m + 241. What is the tens digit of a(10)?
3
Let f = 2573 - 538. What is the units digit of f?
5
Suppose -6*k - 3*j + 594 = -4*k, 2*k - 3*j = 582. What is the hundreds digit of k?
2
Let c = -8 + 14. Suppose 19*m = -288 + 953. Suppose c*y - y = m. What is the units digit of y?
7
Suppose -2*d + 4*z + 38 = 0, -2*d - 7 = -0*d + 5*z. Let f = -12 + d. Let n = f + 40. What is the tens digit of n?
3
What is the hundreds digit of 3/(-15) - (-6 - 23955/25)?
9
Let r(o) = o**3 + 13*o**2 - 9*o + 19. What is the tens digit of r(-9)?
2
Let n(b) = 19*b**2 - 6*b + 4. Let v(j) = j**2 - j + 1. Let u(y) = n(y) - 2*v(y). What is the tens digit of u(-3)?
6
Suppose 6 = t + t. Let a(c) = 153 - 465 + 4*c + 162 + 155. What is the tens digit of a(t)?
1
Let g(d) = -d**2 - 15*d + 8. Let v(w) = w**2 + 7*w + 2. Let r be v(-5). What is the tens digit of g(r)?
6
What is the hundreds digit of (-2564)/(-6) - ((-8)/(-6) - 1)?
4
Let w(g) = 28*g - 28. What is the units digit of w(7)?
8
Let m = -648 + 825. What is the tens digit of m?
7
Suppose -8946 - 16153 = -19*u. What is the hundreds digit of u?
3
Let o(b) = -b**2 + 150*b - 395. What is the thousands digit of o(78)?
5
Suppose 6*d = 11*d - 5950. What is the tens digit of d?
9
Let n(p) = -16 - 16*p**2 - p**3 - 3*p + 32 - 14. What is the tens digit of n(-16)?
5
Let j(o) = 3*o - 3. Let f(s) = 4. Let r(p) = 1. Let l(q) = -2*f(q) + 9*r(q). Let u(x) = -j(x) - 6*l(x). What is the units digit of u(-8)?
1
Suppose -101*t + 104*t = 1194. Suppose 2*d + 3*q - t = 7*q, 3*q + 606 = 3*d. What is the units digit of d?
5
Suppose -4 = x - 6. Let h = 2 + x. Suppose -5*g = 4*n - 82, h*g - 5*g + 24 = -3*n. What is the tens digit of g?
1
Let a(x) = x**2 + 9*x - 5. Let l = -28 + 18. What is the units digit of a(l)?
5
What is the hundreds digit of (-5)/(-4) + 0 + (-20860)/(-16)?
3
Let i = -661 + 1073. What is the hundreds digit of i?
4
Suppose -5*b - 309 = -n, -2*n + 1565 = 3*n - 5*b. What is the hundreds digit of n?
3
Let z(j) = -j**3 - 46*j**2 - 73*j - 201. What is the units digit of z(-45)?
9
Let u = 5 - 7. Let q be 0 - u - (0 + -20). Suppose -3*m - 5*z + q = 0, -m - 2*z = 3*m - 48. What is the units digit of m?
4
Suppose 0 = -2*k + 3*k - 2. Suppose 0*t = -5*s + 2*t - 2, 0 = t - 1. Suppose s = k*z - z - 11. What is the tens digit of z?
1
Let o(w) = 2*w**2 - 47*w + 291. What is the tens digit of o(43)?
6
Let t = 9 - 6. Suppose -t = q + 2*q. What is the tens digit of ((-3)/9)/(q/39)?
1
Let b = -9 - -9. Suppose 3*w - 11 - 4 = b. Suppose s = i - 17, -i - w*s - 9 + 2 = 0. What is the units digit of i?
3
Suppose -2*b = -4, 2*b = -2*z - 2*z + 32. What is the units digit of (-2 - z)*3/(-3)?
9
Let t be 9 + -5 + 2 - -1. Let l = t + -5. What is the units digit of l?
2
Suppose -11*y = -941 - 280. Let t = -62 + y. What is the units digit of t?
9
Suppose -7*u + 14 = -0*u. Suppose u = -f + 34. What is the tens digit of f?
3
Let b be 5 + 68/(-12) + (-65)/(-3). Let a be (3 - 0)/(2/6). Let y = a + b. What is the tens digit of y?
3
Let x = -283 - -1195. What is the hundreds digit of x?
9
Let c = -2663 - -7065. What is the tens digit of c